76/(-18). What is the greatest common divisor of r and s?
10
Suppose 3 = 3*l, 12 = 3*v + 5*l - 2. Let u = -1 + v. Suppose -3*y = u*x - y - 134, -x + 3*y + 87 = 0. What is the greatest common divisor of x and 18?
18
Let i = 119 - 55. Suppose -4*c + 52 + 524 = 0. Let o be (-4)/((1 - -1)*(-9)/c). Calculate the greatest common factor of o and i.
32
Let o be (150/20)/((-6)/(-8)). Suppose z - 3 = o. What is the highest common divisor of 65 and z?
13
Let o = 1483 - 1248. Calculate the greatest common divisor of o and 752.
47
Suppose -4*w - u + 4 = 7, 5*u = 4*w - 15. Let m = 3 + w. Suppose -2*j + 5*g + 68 = 0, 6*j - j - 100 = -5*g. Calculate the greatest common factor of j and m.
3
Let n be -8 + -4*2/8*-1. Let z be (n/(-5) - 1)/(5/25). Calculate the greatest common factor of 10 and z.
2
Let m = 44 + -40. Suppose 4*t = -5*f + 10 + 21, -5*t - m*f = -50. Calculate the greatest common factor of t and 154.
14
Let n(g) = -145*g**3 - 4*g - 2. Let v be n(-1). Suppose -21 = -0*f - f. What is the highest common divisor of v and f?
21
Let d = 139 - 217. Let q = d + 79. What is the greatest common divisor of q and 2?
1
Let a(y) = -y**3 - 5*y**2 + 19. Let r be a(-6). Suppose -22 = 3*q - 4*q. Calculate the highest common divisor of q and r.
11
Let r be -38 + 0/2*-1. Let t(j) = -j**2 + 58. Let i be t(0). Let m = r + i. What is the highest common divisor of m and 8?
4
Let l be 37 + -9*2/6. What is the highest common divisor of l and 8?
2
Suppose -6 = v - 2*k, -2 = -3*v + 5*k - 15. Suppose v*d - 5*z - 203 = 0, 4*d - 9*d + 3*z + 270 = 0. What is the highest common factor of d and 38?
19
Suppose -2*q = 4 - 2, 4*q = 3*y + 14. Let t be 354/9 - y/9. Suppose -4*a = t - 232. What is the highest common factor of a and 12?
12
Suppose i = 4*q - 53, -21 = -2*q - 6*i + i. Suppose -3*k - k - 3*x + 523 = 0, 2*k = 4*x + 256. What is the highest common factor of q and k?
13
Let c(i) = 1341 + 5*i - 1326 + i**2 - 4*i. Let q(k) = k - 2. Let o be q(2). Let u be c(o). What is the highest common factor of u and 15?
15
Suppose 316*b - 3150 = 313*b. What is the greatest common factor of 42 and b?
42
Let k(h) = -h**2 - 2*h + 4. Let d be k(-4). Let s be -2 - d - (2 + -12). Let f = s + -8. What is the highest common factor of f and 6?
2
Let s = 12617 + -12615. Let v(q) = -q + 8. Let a = 8 + -2. Let l be v(a). Calculate the highest common divisor of l and s.
2
Let a = 34 + -4. Let o = 129 - a. Suppose 0 = -5*p - 0 + 45. What is the greatest common factor of p and o?
9
Suppose -21 = 3*n - 54. Suppose 18*f = -64*f + 62 + 840. Calculate the highest common divisor of f and n.
11
Suppose 9*f - 3 = 24. What is the greatest common divisor of f and 27?
3
Let r be -4 - 15/6*20. Let u be r*(-1)/((-6)/(-8)). What is the greatest common factor of u and 9?
9
Let q(y) = y**3 - 5*y**2 + 4*y + 3. Let d be q(5). Suppose 0 = r + 3 - d. Calculate the greatest common divisor of 40 and r.
20
Suppose 5*y + 45 = 5*w, -5*w + 45 = -0*w - 3*y. Suppose w*x = 4*x + 20. Suppose -x*g - g = -50. Calculate the highest common factor of 5 and g.
5
Let s = -10 + 28. Let u = -4 + s. Calculate the highest common divisor of u and 2.
2
Let t = 751 + -597. What is the greatest common factor of t and 66?
22
Let y be (-3)/((-2)/(40/3)). Suppose -4*g + 250 = 10. What is the highest common factor of g and y?
20
Let l = -6 + 11. Suppose -5*x + 2*x - 205 = 5*d, -5*x = l*d + 205. Let i = d - -57. Calculate the greatest common divisor of 112 and i.
16
Let y(k) = k**2 + 4*k - 3. Let m be y(6). Suppose -73*f + 38 = -72*f. Calculate the greatest common factor of f and m.
19
Let w = 452 + -290. Suppose 6*g = 4*g + 4*o + 16, -5*g + 2*o = -16. Suppose -s = -3*m + 2 - 11, g*s = -5*m + 51. What is the greatest common divisor of s and w?
18
Let x = -17 + 19. Suppose -13 + 47 = -2*h - 5*l, x*l = 0. Let o be (-336)/(-34) + (-2)/h. Calculate the highest common factor of o and 10.
10
Let i = 1 - 0. Suppose 0 = -4*k - 4, 116*q + 3*k - 36 = 113*q. What is the greatest common factor of q and i?
1
Let y(w) = -w**2 - 8*w + 53. Let d be y(-10). Calculate the highest common factor of 3 and d.
3
Let z be -2 - -402 - 72/9. What is the highest common factor of z and 14?
14
Let g be -3*(10/6 - 3). Suppose -2*p + 3*n + 49 = -2*n, g*p - 3*n - 63 = 0. Let o = -102 + 198. What is the highest common divisor of p and o?
12
Let b = 28 + -19. Suppose -13*n + 10*n + b = 0. Suppose -3*m + 36 = 3*w - 0, 2*w + 12 = 2*m. Calculate the greatest common factor of n and m.
3
Suppose -3*b + 70 = -443. What is the highest common divisor of 1254 and b?
57
Suppose 23*s + 6*s = 58. Calculate the greatest common divisor of s and 4.
2
Suppose 122 = 15*u - 358. What is the greatest common factor of 16 and u?
16
Suppose 0 = v - 5, -3*k + 433 = -4*k + 5*v. Let t be 2/(-3) + (5 - k/18). What is the greatest common divisor of t and 9?
9
Let t = 21 + -19. Suppose t*f + 6 = 10. Suppose -f*m + 100 = 3*m. What is the highest common factor of 4 and m?
4
Let g(w) = -108*w - 3726. Let b be g(-35). Let r(m) = 2*m**2 + 2*m - 3. Let f be r(-3). Calculate the greatest common divisor of b and f.
9
Let l(y) = y**2 + 83*y + 1636. Let v be l(-59). Let s = -31 + 51. What is the highest common divisor of s and v?
20
Let d = 41 - 2. Let t = 61 - d. What is the greatest common factor of 2 and t?
2
Let y = 46 - 10. Let v be 36/(15 - (10 + 4)). Calculate the greatest common factor of v and y.
36
Let i be (-6)/(-2) + (-50 - -85). Calculate the highest common factor of i and 817.
19
Let m(i) = i**3 - 35*i**2 + 35*i - 25. Let j be m(34). Calculate the greatest common divisor of 87 and j.
3
Let b(l) be the first derivative of l**4/4 + l**3/3 - l**2/2 + 14*l - 2. Let i be b(0). What is the greatest common factor of 56 and i?
14
Suppose -3*z - t + 23 = 0, -11*t + 15 = 2*z - 10*t. Calculate the highest common factor of z and 292.
4
Let h = -16 - -13. Let t = 3 + h. Suppose -3*o - 5*v + 19 = t, 8 + 5 = 2*o + 3*v. What is the greatest common divisor of o and 12?
4
Let h be (-20)/(-30) + 195/45. Let x be ((-35)/4)/(1/(-4)). Calculate the greatest common factor of h and x.
5
Suppose 243 = 3*u - 3*x, 260 = 5*u + 4*x - 136. Let j = -15 - -25. Calculate the highest common factor of j and u.
10
Suppose -20 = 4*i, -2*k + 3*i + 45 = -252. Suppose 21*c = 9*c + 564. Calculate the greatest common factor of k and c.
47
Let k = -41 - -52. Suppose 0 = k*v - 60 - 116. What is the greatest common factor of v and 64?
16
Let v be 12/15*(-30)/(-4). Suppose 0 = v*y - 5*y - 2. What is the greatest common divisor of y and 12?
2
Let j(u) = u**3 - 15*u**2 - 3*u + 22. Let d be j(15). Let n = 39 + d. What is the greatest common divisor of 24 and n?
8
Let z be 6/20 - (-9797)/1010. Let u(p) = -p**3 - 5*p**2 - 4*p + 5. Let k be u(-5). Calculate the greatest common divisor of z and k.
5
Let u be ((-4)/(8/(-9)))/((-37)/(-370)). Calculate the highest common factor of u and 30.
15
Let a = -16 - -6. Let w be 114/22 - a/(-55). Let u be (2 - 3)/(w/(-55)). What is the highest common factor of u and 44?
11
Suppose -1 = i, -p = -2*p - i + 2. What is the greatest common divisor of p and 1?
1
Let h be -1 + 4 - 0/(-2). Suppose -j = h*x - 66, x + 3*j - 19 = 3. Let k be (2/3)/((-3)/(-693)). Calculate the greatest common factor of k and x.
22
Suppose -5*l + 835 = -4*t, -2*t + t = -4*l + 679. What is the greatest common divisor of 99 and l?
9
Let z = 44 - 8. Suppose -2*y + 5*j + 2 = -20, -2*j = y + 7. Suppose 8 + y = g. What is the highest common divisor of z and g?
9
Let s be -5 - 0 - (-16 - -5). Calculate the highest common divisor of s and 124.
2
Let s(h) = -h**3 + 17*h**2 + 5. Let i be s(17). Let k be (8/(-4) - -3)/((-5)/(-225)). What is the greatest common factor of k and i?
5
Let i(j) = j**2 - 3*j - 12. Let q = -8 + 0. Let r be i(q). Let m be 1/(-3) + r/12. What is the greatest common factor of m and 54?
6
Let s(f) = f**2 + 6*f + 50. Let y be s(0). What is the greatest common divisor of 180 and y?
10
Suppose -20*m = -422 + 2. What is the greatest common factor of 1659 and m?
21
Let z(m) = 9 - 15*m + 7*m**3 + 14*m**2 - 12*m**3 + 6*m**3. Let x be z(-15). What is the greatest common factor of x and 171?
9
Let v(z) = 869*z**3 + 2*z**2 + 2*z - 4. Let u be v(1). Calculate the highest common divisor of u and 11.
11
Let r = 710 + -695. What is the greatest common fa